 8 divide 2240?
True
Does 15 divide 14220?
True
Is 9 a factor of 28549?
False
Is 12 a factor of 1032?
True
Is 12 a factor of 88812?
True
Is 46 a factor of 4332?
False
Does 94 divide 773?
False
Is 10 a factor of 4410?
True
Is 442 a multiple of 7?
False
Is 6545 a multiple of 85?
True
Is 441 a multiple of 9?
True
Does 15 divide 508?
False
Is 80 a factor of 3382?
False
Is 1794 a multiple of 23?
True
Does 19 divide 7543?
True
Does 5 divide 215?
True
Is 18348 a multiple of 16?
False
Does 23 divide 5037?
True
Does 17 divide 51?
True
Is 29 a factor of 15943?
False
Is 4 a factor of 22798?
False
Does 88 divide 3696?
True
Is 3 a factor of 799?
False
Does 52 divide 520?
True
Is 36345 a multiple of 5?
True
Is 5 a factor of 710?
True
Does 7 divide 77?
True
Is 7457 a multiple of 9?
False
Does 90 divide 3278?
False
Does 65 divide 3640?
True
Is 130 a factor of 5127?
False
Does 5 divide 649?
False
Is 2006 a multiple of 52?
False
Is 391 a multiple of 17?
True
Is 57103 a multiple of 32?
False
Does 82 divide 1723?
False
Is 365 a multiple of 23?
False
Is 23 a factor of 1196?
True
Is 1589 a multiple of 18?
False
Is 6868 a multiple of 22?
False
Is 43106 a multiple of 14?
True
Is 680 a multiple of 20?
True
Is 161068 a multiple of 471?
False
Is 3 a factor of 543?
True
Is 24 a factor of 180?
False
Does 14 divide 8974?
True
Is 35552 a multiple of 352?
True
Is 1542 a multiple of 74?
False
Does 49 divide 11175?
False
Is 17 a factor of 126123?
True
Is 5532 a multiple of 68?
False
Is 3145 a multiple of 37?
True
Is 51 a factor of 2318?
False
Is 1598 a multiple of 17?
True
Is 20 a factor of 8700?
True
Is 34 a factor of 30600?
True
Is 6 a factor of 10626?
True
Does 28 divide 62944?
True
Is 378 a multiple of 4?
False
Is 1440 a multiple of 48?
True
Is 217 even?
False
Is 561 a multiple of 19?
False
Is 3 a factor of 9544?
False
Is 2527 a multiple of 12?
False
Is 82169 a multiple of 14?
False
Is 113280 a multiple of 128?
True
Is 7 a factor of 217?
True
Is 555 a multiple of 51?
False
Does 6 divide 9168?
True
Does 39 divide 12881?
False
Does 91 divide 3003?
True
Is 300 a multiple of 20?
True
Is 4 a factor of 258?
False
Is 73631 a multiple of 29?
True
Is 48 a factor of 119588?
False
Is 42 a factor of 20647?
False
Does 26 divide 4361?
False
Is 43711 a multiple of 11?
False
Does 16 divide 6720?
True
Is 14 a factor of 3570?
True
Does 43 divide 1118?
True
Is 2656 a multiple of 16?
True
Is 3915 a multiple of 87?
True
Is 24 a factor of 18960?
True
Is 2549 a multiple of 6?
False
Is 3469 a multiple of 216?
False
Is 130 a factor of 45760?
True
Is 969 a multiple of 19?
True
Is 28 a factor of 8918?
False
Is 439 a multiple of 70?
False
Is 55300 a multiple of 5?
True
Is 317 a factor of 20605?
True
Does 29 divide 4321?
True
Is 7416 a multiple of 60?
False
Does 58 divide 13530?
False
Is 47 a factor of 15676?
False
Is 20436 a multiple of 12?
True
Is 87300 a multiple of 11?
False
Is 43812 a multiple of 12?
True
Is 2450 a multiple of 14?
True
Is 4290 a multiple of 26?
True
Is 80 a factor of 55600?
True
Is 7 a factor of 653?
False
Is 773 a multiple of 22?
False
Is 5 a factor of 845?
True
Is 5112 a multiple of 36?
True
Does 22 divide 5346?
True
Is 2 a factor of 15?
False
Does 15 divide 480?
True
Is 136 a factor of 2672?
False
Does 20 divide 100?
True
Is 80 a multiple of 8?
True
Does 6 divide 34218?
True
Does 25 divide 18603?
False
Does 4 divide 1469?
False
Is 9664 a multiple of 64?
True
Is 8 a factor of 6381?
False
Is 178 a multiple of 5?
False
Does 17 divide 483?
False
Does 58 divide 3480?
True
Is 33 a factor of 14058?
True
Does 26 divide 3484?
True
Is 10 a multiple of 2?
True
Does 45 divide 34781?
False
Does 5 divide 355?
True
Is 603 a multiple of 79?
False
Is 986 a multiple of 58?
True
Is 3 a factor of 4776?
True
Does 75 divide 17250?
True
Is 15272 a multiple of 83?
True
Is 228 a factor of 8892?
True
Does 27 divide 321?
False
Is 1406 a multiple of 16?
False
Does 41 divide 4021?
False
Is 62 a factor of 20067?
False
Is 270 a factor of 7020?
True
Is 42 a factor of 3318?
True
Does 35 divide 6162?
False
Does 14 divide 51449?
False
Is 2 a factor of 3849?
False
Is 83 a factor of 83?
True
Does 6 divide 504?
True
Does 34 divide 53890?
True
Is 800 a multiple of 12?
False
Does 3 divide 3123?
True
Is 5 a factor of 1259?
False
Does 38 divide 2364?
False
Is 2490 a multiple of 10?
True
Does 5 divide 9000?
True
Is 13581 a multiple of 27?
True
Is 33 a factor of 93888?
False
Is 342 a factor of 62450?
False
Is 17 a factor of 55113?
False
Is 10 a factor of 709?
False
Is 23 a factor of 14352?
True
Does 27 divide 810?
True
Is 2697 a multiple of 31?
True
Does 32 divide 4256?
True
Is 14 a factor of 2506?
True
Is 441 a multiple of 5?
False
Is 16262 a multiple of 89?
False
Is 1567 a multiple of 41?
False
Does 11 divide 55?
True
Is 3010 a multiple of 10?
True
Is 147 a factor of 4116?
True
Is 6 a factor of 659?
False
Is 32 a factor of 127?
False
Is 67 a factor of 20770?
True
Is 38261 a multiple of 23?
False
Is 143 a factor of 8008?
True
Does 40 divide 7640?
True
Does 8 divide 584?
True
Is 3 a factor of 366?
True
Does 8 divide 176?
True
Is 5562 a multiple of 13?
False
Does 86 divide 4278?
False
Does 33 divide 165?
True
Does 45 divide 1010?
False
Does 51 divide 2510?
False
Does 15 divide 586?
False
Is 4 a factor of 236?
True
Is 21 a factor of 1680?
True
Is 26643 a multiple of 74?
False
Is 1809 a multiple of 20?
False
Is 549 even?
False
Does 18 divide 1458?
True
Does 55 divide 1536?
False
Is 17 a factor of 3634?
False
Is 62 a factor of 7531?
False
Is 52 a factor of 5137?
False
Is 11 a factor of 16411?
False
Is 8 a factor of 11653?
False
Is 13 a factor of 948?
False
Is 9 a factor of 1380?
False
Is 493 a multiple of 10?
False
Is 7 a factor of 4511?
False
Is 3 a factor of 3414?
True
Is 13 a factor of 754?
True
Is 26752 a multiple of 38?
True
Is 40 a factor of 600?
True
Is 9 a factor of 489?
False
Is 81 a multiple of 9?
True
Does 6 divide 28437?
False
Does 121 divide 17245?
False
Is 627 a multiple of 33?
True
Is 29 a factor of 7540?
True
Does 69 divide 7866?
True
Is 36 a factor of 6624?
True
Is 6313 a multiple of 23?
False
Does 18 divide 612?
True
Does 56 divide 952?
True
Is 1062 a multiple of 29?
False
Is 18 a factor of 9156?
False
Does 14 divide 28840?
True
Does 58 divide 42719?
False
Is 440 a factor of 49280?
True
Does 14 divide 738?
False
Does 65 divide 3623?
False
Is 118 a multiple of 59?
True
Is 7803 a multiple of 9?
True
Is 207 a multiple of 9?
True
Is 4 a factor of 120?
True
Is 4 a factor of 1348?
True
Is 25 a factor of 4470?
False
Is 145 a multiple of 32?
False
Does 7 divide 706?
False
Is 7 a factor of 367?
False
Is 369 a multiple of 9?
True
Is 2177 a multiple of 33?
False
Is 37235 a multiple of 16?
False
Is 17 a factor of 304?
False
Is 1201 a multiple of 13?
False
Is 6426 a multiple of 51?
True
Is 75045 a multiple of 39?
False
Does 88 divide 39724?
False
Does 39 divide 16224?
True
Does 5 divide 1350?
True
Is 20076 a multiple of 14?
True
Does 112 divide 7885?
False
Is 30360 a multiple of 69?
True
Does 251 divide 12928?
False
Does 27 divide 12582?
True
Does 5 divide 5?
True
Is 65 a factor of 443?
False
Does 46 divide 5821?
False
Is 210 a multiple of 70?
True
Is 4 a factor of 954?
False
Does 13 divide 379?
False
Is 72 a factor of 15624?
True
Is 344 a multiple of 17?
False
Does 2 divide 5?
False
Does 8 divide 396?
False
Is 97 a factor of 11543?
True
Does 83 divide 996?
True
Is 13330 a multiple of 90?
False
Does 29 divide 84?
False
Is 8 a factor of 489?
False
Is 16 a factor of 55520?
True
Does 5 divide 13482?
False
Is 4 a factor of 8914?
False
Does 47 divide 752?
True
Does 9 divide 706?
False
Does 57 divide 464?
False
Is 76 a multiple of 4?
True
Is 12 a factor of 23616?
True
Does 11 divide 3432?
True
Does 15 divide 11055?
True
Is 4097 a multiple of 15?
False
Does 22 divide 342?
False
Does 103 divide 3447?
False
Is 145 a factor of 76505?
False
Does 6 divide 2028?
True
Does 8 divide 46?
False
Does 4 divide 116?
True
Does 9 divide 35?
False
Is 1088 a multiple of 68?
True
Does 8 divide 976?
True
Is 21079 a multiple of 61?
False
Is 24 a factor of 1874?
False
Does 37 divide 16576?
True
Is 91 a factor of 17855?
False
Is 465 even?
False
Does 7 divide 878?
False
Is 16 a factor of 7776?
True
Is 998 a multiple of 7?
False
Is 19 a factor 